ose 472 = 2*b + y*m, b - 254 = -0*b + 4*m. What are the prime factors of b?
2, 11
Let m(c) = -7142*c - 1921. List the prime factors of m(-3).
5, 47, 83
Let c be (300/8)/(-5)*-2. Suppose 0*g - c = -2*f - g, 10 = 5*f - 3*g. Suppose 0 = -f*d - 4*x + 186, 0*d + 33 = d + 5*x. What are the prime factors of d?
2, 19
List the prime factors of (-453352)/(-14) - ((-8)/(-12))/(56/24).
2, 3, 7, 257
Suppose 0 = 28*a - 26*a - 8. Suppose -8 = -2*h, -a*h = -4*k - h + 140. Suppose -u + k = -24. List the prime factors of u.
2, 31
Let t(f) be the first derivative of -173*f**2/2 - 308*f + 103. What are the prime factors of t(-6)?
2, 5, 73
Let z(n) = 2*n - 32. Let u be z(18). Suppose u*l - 94 = m + 319, 0 = -3*l + 3*m + 303. Suppose 2*b = l - 20. What are the prime factors of b?
2, 3, 7
Suppose 0 = 4*v - h - 203144, 5086*v + 4*h + 253919 = 5091*v. What are the prime factors of v?
3, 11, 19
Let x = -235 + 678. Let w = x - -250. List the prime factors of w.
3, 7, 11
List the prime factors of (-14)/4 - 167127/(-226).
2, 23
Suppose -623*d = -599*d - 93815 - 144409. What are the prime factors of d?
2, 7, 709
Let f(k) = 941*k**2 - 8*k - 6. Let m = -281 + 280. List the prime factors of f(m).
23, 41
Let d = 32 + -7. Suppose d = 3*g - 8*g. Let p(y) = 7*y**2 - 3*y + 13. List the prime factors of p(g).
7, 29
Suppose 3*w = -4*x + 22075 + 4849, 4*x - 5*w = 26956. List the prime factors of x.
2, 7, 13, 37
Let z(b) = 6*b**2 + 5*b - 2. Let r(p) = 7*p**2 + 5*p - 1. Let d(y) = 4*r(y) - 5*z(y). Let u be d(2). What are the prime factors of -4*(-1 - (-51)/u)?
3, 7
Let h(a) = 607*a + 97. Let k be h(3). List the prime factors of (k/(-6))/(3/(-9)).
7, 137
Suppose -4*m + 2*o + 89132 + 49070 = 0, 0 = 6*m - 2*o - 207302. What are the prime factors of m?
2, 5, 691
Let u(o) = -108*o**3 + 8*o**2 + 3*o - 19. List the prime factors of u(-7).
2, 9349
Let d(f) = -f**3 + 18*f**2 + 19*f - 24. Let h be d(18). Let m = h + 134. List the prime factors of m.
2, 113
Let u(z) = -26*z**3 + 10*z**2 - 316. List the prime factors of u(-10).
2, 7, 953
Suppose 3*g = -5*n + 22, 3*g + 0*g + 23 = 4*n. Suppose -3*o = -3*f + 2271, -n*f - 341 = 3*o + 1914. Let c = -538 - o. List the prime factors of c.
7, 31
Let m = -27 - -26. Let y = 3 - m. What are the prime factors of (593/y - -5) + 2/(-8)?
3, 17
Let w(f) be the third derivative of -f**6/30 + 3*f**4/4 + 13*f**3/2 - 111*f**2. What are the prime factors of w(-5)?
449
Suppose 63 = -5*r - 16*r. List the prime factors of r*8156/(-27) - 6/27.
2, 3, 151
Suppose -12237 - 48371 = -5*x - 2*v, 5*v = -x + 12140. Suppose 26*f = -654 + x. What are the prime factors of f?
3, 7
Let u(p) = p**3 + 58*p**2 + 130*p + 81. List the prime factors of u(-54).
3, 5, 7
Let f(s) = 49*s - 65. Let t(h) = -16*h + 22. Let g(v) = -2*f(v) - 7*t(v). Suppose -60 = -2*b - b + 4*r, 0 = -5*r - 15. List the prime factors of g(b).
2, 5
Suppose -m = -5*t - 42515, t - 72638 - 97401 = -4*m. List the prime factors of m.
2, 3, 5, 13, 109
Let y(f) be the first derivative of 5*f**4/4 + 2*f**3/3 - f**2 + 2*f + 3. Let q = 328 - 326. List the prime factors of y(q).
2, 23
Suppose 0 = 3*j, 25703 = -10*g + 6*g + 4*j + 79595. List the prime factors of g.
3, 499
Suppose 3*s - 2*f = 10, -f = s + s - 9. Suppose 0 = 3*o + 6, 2*x - 3*x = s*o - 179. Let r = x - 127. What are the prime factors of r?
2, 3, 5
Suppose -2*g = b - 11101, 0 = 2*g - 10*b + 13*b - 11099. List the prime factors of g.
7, 13, 61
Let z = 8 + 4. Let t be -9*(4 - 340/z). Suppose -10*q + t = -7*q. What are the prime factors of q?
73
Suppose 3*o = 4*c + 980, -9*o = -8*o + 4*c - 332. Let i = -141 + o. List the prime factors of i.
11, 17
Suppose -22*f + 21*f + 18 = 0. Suppose 0 = k - 3*q - 66, f*k + q + 400 = 23*k. What are the prime factors of k?
3
Suppose w + 3*h = 6*w - 42736, -5*h + 42760 = 5*w. Suppose -2*i = -4*a + 5924, -5*i - w = -5*a - 1149. What are the prime factors of a?
2, 3, 13, 19
Let c = -37326 + 53951. What are the prime factors of c?
5, 7, 19
Let s(h) = h**3 + 8*h**2 - 9*h - 3. Let w be s(-9). Let n be w/(-12) + 426/24. What are the prime factors of 3*(3 + -4) - n/(-3)?
3
Let t(m) = -68*m - 344. Let s be 537/(-21) + 0 - 8/(-14). What are the prime factors of t(s)?
2, 3, 113
Suppose 0 = -13*k + 12 + 14. Suppose 10*y - 2712 = k*y. List the prime factors of y.
3, 113
List the prime factors of 458*((-266)/28 + 10)*(1 + 1).
2, 229
Let b(t) = 5*t - 22. Let a be b(7). What are the prime factors of (a/(-39))/(1/(-747))?
3, 83
Suppose -175586 = -5*s + m - 33578, 4*s - 113619 = -m. List the prime factors of s.
28403
Suppose 2*p - 25 = -2*p + a, -3*p + 5*a + 6 = 0. List the prime factors of 3630/(-63)*-3 + 1/p.
173
Let t = 31345 - 14335. List the prime factors of t.
2, 3, 5, 7
Let y be (-18)/6 - 63/(-9). List the prime factors of 2770/20 - (-2)/y.
139
Suppose 10076 = -10*r + 36262 + 58524. List the prime factors of r.
43, 197
Let o(u) = u - 1. Let n(j) = -154*j**3 + 2*j**2 - 7*j + 9. Let h(v) = 2*n(v) + 18*o(v). List the prime factors of h(-1).
2, 7, 11
Suppose 9*l = 5*l + 8. Suppose -5*z + 2*s = -16, -2*s - 2*s - 20 = -4*z. Suppose 0 = -q + 4*g + 118, -q - l*g + 90 = z. What are the prime factors of q?
2, 7
Let x(a) = 13*a**3 + 3*a**2 + 11*a - 23. Let r(z) = z**2 - 33*z - 67. Let p be r(35). List the prime factors of x(p).
2, 97
Let d(b) = b**3 - 48*b**2 + 51*b - 143. Let z(c) = c**3 - 46*c**2 + 52*c - 143. Let k(l) = -5*d(l) + 4*z(l). List the prime factors of k(55).
11, 53
Suppose 0 = -4*j + a + 81979 + 21121, -3*j = a - 77332. List the prime factors of j.
2, 3, 179
Let n be 5 + 3245/(-35) - (-4)/(-14). Let g = n - -530. What are the prime factors of g?
2, 13, 17
Let u be 8 + -7 + (12 - 22). Suppose -3*a + 136 = -4*r, -2*a = -6*a - 2*r + 196. What are the prime factors of u/a*-4 - (-1659)/12?
139
Let g = 8851 - 4930. List the prime factors of g.
3, 1307
Suppose 228851 + 32073 = 18*h + 51494. List the prime factors of h.
5, 13, 179
Suppose 6*m - 2*m + 6396 = 3*p, 7995 = -5*m + 2*p. Let f = m + 2525. What are the prime factors of f?
2, 463
Suppose 1710002 + 2437386 = 162*a - 684100. List the prime factors of a.
2, 233
Let j(a) = -4*a**3 - 118*a**2 + 31*a - 13. Let m be j(-31). Suppose 0 = -2*t - 3*t - s + m, 2*t - 1908 = 4*s. What are the prime factors of t?
2, 479
Let r(q) = 248*q**2 - 58*q - 355. What are the prime factors of r(-15)?
5, 7, 1609
Let r = 8063 + 6348. List the prime factors of r.
14411
Suppose -3*v - 3 = 0, -2*z + 14*v = 9*v - 19511. List the prime factors of z.
3, 3251
Let l(a) = 3*a**2 + 16*a + 7. Let f be l(-5). Suppose -3*o = 4*u - 135, -f*u + 170 = -58*o + 62*o. What are the prime factors of o?
41
Let x = -305 - -308. Suppose 0 = -3*f + 5*f + 4*l - 1654, -3*l = x*f - 2481. List the prime factors of f.
827
Suppose 0 = 37*z - 42*z - 3*a + 136142, z + 5*a - 27246 = 0. List the prime factors of z.
2, 13613
Suppose -3*h + 758 = 2*z - 7*h, -z - 4*h + 391 = 0. Suppose 0 = -4*q + 5*q - z. What are the prime factors of q?
383
Suppose 16*m - 21*m + 15969 = 4*a, 3*a = 4*m + 12000. What are the prime factors of a?
2, 3, 37
Suppose 0 = 5*o + i - 26, 3*o - i + 4*i = 18. Suppose -o*z + 15 = -0. Suppose -151 - 35 = -z*l. What are the prime factors of l?
2, 31
Suppose -3*d = -2*p - 8196, 2*d - 5453 = 7*p - 2*p. Suppose 11*y - d - 346 = 0. What are the prime factors of y?
2, 5, 7
Suppose -3*h = -a + 6*a - 5067, 0 = 5*h - 5*a - 8485. Let r = h - 782. List the prime factors of r.
2, 3, 19
Suppose 0 = 3*t, y + 4*t + 2 = 4. What are the prime factors of ((-441)/(-27))/(y - 177/90)?
2, 5, 7
Let u(l) = 2473*l - 1. Let n be u(1). Suppose 5*g = 6512 - n. List the prime factors of g.
2, 101
Let q(h) = 3*h**2 + 5*h - 9. Let v(x) = -x**2 + 2*x + 7. Let z be v(0). List the prime factors of q(z).
173
What are the prime factors of (-21339316)/(-329) - (-7)/(-49)?
37, 1753
Let r(s) = 5*s**2 + 6*s - 35. Let d be r(5). Suppose 0*n + 5*n = d. List the prime factors of n.
2, 3
Let o(l) = 22*l**3 - 4*l**2 + 6*l - 8. Let g be o(3). Suppose 3*z + g = 5*w - 97, 2*w = -3*z + 287. What are the prime factors of w?
2, 17
Let g(s) = -s + 2*s**2 + 11*s**3 - 3*s + 2*s**3 + 5 - 3*s. What are the prime factors of g(2)?
103
Let d be 293*(-2 + 1 + -14 + 18). Suppose -4*w + 1068 = 4*t, -5*t = -4*w + 189 + d. List the prime factors of w.
3, 89
Suppose 16982 = -7*s - 4466. Let d =